8354666?
False
Does 916 divide 1423575752?
True
Is 505 a factor of 13238474?
False
Does 2 divide 2261459?
False
Does 64 divide 922615047?
False
Does 39 divide 10864074?
True
Is 133738112 a multiple of 608?
True
Is 19413472 a multiple of 52?
True
Is 29 a factor of 383845621?
False
Does 13 divide 125805702?
False
Is 309 a factor of 238308148?
False
Is 709 a factor of 661838029?
True
Is 7673680 a multiple of 20?
True
Does 110 divide 1438521810?
True
Is 10 a factor of 32096210?
True
Does 6 divide 37967760?
True
Does 17 divide 1190240875?
False
Is 16 a factor of 763490621?
False
Is 43422491 a multiple of 193?
True
Does 33 divide 74453372?
False
Does 291 divide 279915709?
False
Is 46 a factor of 187960228?
False
Is 82481271 a multiple of 25?
False
Does 490 divide 901187?
False
Is 18 a factor of 13335760?
False
Does 59 divide 6758576?
False
Does 2 divide 16771492?
True
Does 185 divide 942377050?
True
Does 587 divide 28576334?
True
Is 18294406 a multiple of 130?
False
Is 506110059 a multiple of 9?
True
Does 9 divide 61611156?
True
Is 61 a factor of 17486219?
False
Does 16 divide 41296016?
True
Does 14 divide 14277704?
True
Does 727 divide 77927857?
True
Is 31668736 a multiple of 256?
True
Is 58066314 a multiple of 19?
False
Is 15 a factor of 418553260?
False
Is 244 a factor of 1459195?
False
Does 11 divide 58390453?
True
Is 4 a factor of 16580604?
True
Does 4 divide 165429560?
True
Is 22 a factor of 66938938?
True
Is 4774620 a multiple of 30?
True
Is 1627 a factor of 2406333?
True
Is 104 a factor of 40389782?
False
Is 9507000 a multiple of 40?
True
Is 336835849 a multiple of 213?
False
Does 8 divide 341049096?
True
Is 66381896 a multiple of 1246?
True
Is 16195140 a multiple of 6?
True
Does 26 divide 209621724?
True
Is 93410266 a multiple of 157?
False
Does 10 divide 166677350?
True
Does 3 divide 214510?
False
Is 2147834 even?
True
Is 16 a factor of 130439232?
True
Is 60 a factor of 289057980?
True
Is 307387 even?
False
Is 26829110 a multiple of 70?
True
Is 467 a factor of 38598484?
True
Does 137 divide 86426587?
True
Is 7935976 a multiple of 34?
False
Is 552261284 a multiple of 5479?
True
Is 760359396 a multiple of 123?
False
Does 64 divide 41693888?
True
Is 383988991 a multiple of 19?
False
Is 49 a factor of 79599131?
False
Is 1245 a factor of 307666890?
True
Does 507 divide 378559409?
False
Is 147 a factor of 651353472?
True
Is 4333031 a multiple of 1686?
False
Is 2 a factor of 5334593?
False
Is 68 a factor of 92097215?
False
Is 301 a factor of 38561110?
True
Is 50 a factor of 37721100?
True
Is 375516 a multiple of 30?
False
Does 130 divide 3180706557?
False
Is 300652308 a multiple of 4276?
False
Is 13 a factor of 31658718?
True
Is 5230 a factor of 250841260?
True
Is 18654055 a multiple of 583?
False
Is 33079550 a multiple of 245?
False
Does 31 divide 168229808?
True
Is 20 a factor of 746247874?
False
Is 10 a factor of 43838710?
True
Is 345 a factor of 51568530?
True
Does 192 divide 1418900077?
False
Does 226 divide 932259266?
True
Is 341229193 a multiple of 27?
False
Is 3 a factor of 61322065?
False
Is 2180 a factor of 124652400?
True
Is 16305248 a multiple of 1013?
True
Does 17 divide 98101475?
True
Is 52214554 a multiple of 971?
True
Does 326 divide 235262919?
False
Does 59 divide 27244642?
False
Is 21 a factor of 118809282?
False
Does 107 divide 16061702?
False
Does 17 divide 444727688?
False
Is 16564 a factor of 4170334844?
True
Is 122 a factor of 24601845?
False
Does 1353 divide 80456145?
True
Is 1146 a factor of 316915986?
True
Is 23 a factor of 2280071307?
False
Is 80 a factor of 3432351257?
False
Is 491519232 a multiple of 27?
True
Does 9 divide 2462103?
True
Is 2836 a factor of 1088417614?
False
Does 129 divide 398443719?
True
Is 26987190 a multiple of 965?
True
Is 72 a factor of 2755656?
True
Is 43412320 a multiple of 7?
True
Is 207822647 a multiple of 140?
False
Does 31 divide 98916071?
True
Does 5 divide 520740755?
True
Does 2232 divide 82371584?
False
Is 6 a factor of 47808?
True
Is 61822511 a multiple of 109?
True
Does 16 divide 54800144?
True
Does 2 divide 293930255?
False
Is 11305 a factor of 1855219955?
False
Is 502314 a multiple of 19?
False
Is 93859807 a multiple of 277?
False
Does 5 divide 123171323?
False
Does 423 divide 215079426?
True
Is 1166289117 a multiple of 51?
False
Does 41 divide 452554064?
True
Is 13912848 a multiple of 18?
True
Does 572 divide 47584241?
False
Is 614412558 a multiple of 639?
True
Is 164852112 a multiple of 48?
True
Is 52227703 a multiple of 1778?
False
Is 16 a factor of 525157280?
True
Does 128 divide 84506191?
False
Does 3 divide 75427771?
False
Is 18908757 a multiple of 159?
True
Is 4 a factor of 19239138?
False
Does 18 divide 808536158?
False
Is 54394680 a multiple of 12?
True
Is 2839093 a multiple of 97?
True
Does 18 divide 26882713?
False
Does 5 divide 107428587?
False
Is 9680395 a multiple of 1867?
True
Does 1426 divide 2445602520?
False
Does 8 divide 15092441?
False
Is 4508 a factor of 322051520?
True
Is 2745 a factor of 783401040?
True
Does 4 divide 2943475?
False
Does 72 divide 6332428?
False
Is 220204072 a multiple of 5?
False
Is 42 a factor of 4642806?
True
Does 848 divide 16594512?
True
Does 12 divide 12344087?
False
Is 92 a factor of 12419724?
True
Is 118 a factor of 32511350?
False
Is 9652191 a multiple of 122?
False
Does 72 divide 433259208?
True
Is 3950 a factor of 1526765850?
True
Is 792 a factor of 1232519904?
True
Does 10 divide 50009230?
True
Does 1472 divide 5312910?
False
Is 9872694 a multiple of 3?
True
Is 39 a factor of 156045577?
False
Is 558633949 a multiple of 127?
False
Is 113944179 a multiple of 41?
False
Is 1139788220 a multiple of 4?
True
Is 664087333 a multiple of 270?
False
Is 165432424 a multiple of 29?
False
Does 10 divide 20847850?
True
Is 10310044 a multiple of 1391?
False
Is 35 a factor of 497833549?
False
Does 796 divide 466301576?
True
Is 35 a factor of 1107003903?
False
Is 1305 a factor of 56767500?
True
Does 22 divide 64058655?
False
Does 20 divide 48156010?
False
Does 6 divide 7408898?
False
Does 38 divide 7683104?
False
Is 381396395 a multiple of 33?
False
Does 14 divide 43710464?
True
Is 87 a factor of 112067584?
False
Is 3 a factor of 259504167?
True
Is 25 a factor of 22527800?
True
Does 1612 divide 908278176?
True
Does 104 divide 8801624?
True
Does 242 divide 36140984?
False
Does 2062 divide 41752748?
False
Is 2118 a factor of 295454646?
True
Is 716990640 a multiple of 408?
True
Is 92 a factor of 12963804?
False
Does 765 divide 12061903?
False
Does 8 divide 162153?
False
Does 56 divide 90879880?
True
Is 5244898 even?
True
Is 1751068420 a multiple of 9?
False
Is 53010825 a multiple of 105?
True
Is 30548780 a multiple of 1535?
False
Is 183348384 a multiple of 66?
False
Is 587 a factor of 51275624?
True
Is 39128004 a multiple of 137?
False
Is 36859412 a multiple of 2164?
True
Does 11 divide 3720134?
True
Is 594229937 a multiple of 8351?
False
Does 106 divide 10470680?
True
Is 346368015 a multiple of 735?
True
Does 19 divide 67593234?
False
Is 51099159 a multiple of 40?
False
Is 6157312 a multiple of 859?
True
Does 481 divide 193210487?
False
Is 4524 a factor of 1866439712?
False
Is 366958114 a multiple of 12?
False
Does 148 divide 244722144?
True
Is 13 a factor of 884259389?
True
Is 10272377 a multiple of 31?
True
Is 27 a factor of 4213242?
True
Is 7385260 a multiple of 4?
True
Does 2220 divide 40173120?
True
Does 45 divide 9276480?
True
Does 26 divide 26307190?
True
Does 59 divide 3819030817?
False
Is 16157790 a multiple of 22?
True
Is 30388315 a multiple of 1849?
True
Is 76323108 a multiple of 146?
False
Is 105976163 a multiple of 388?
False
Does 505 divide 545255936?
False
Is 1672259813 a multiple of 6175?
False
Is 2 a factor of 862413?
False
Is 134 a factor of 4884623?
False
Is 1288055340 a multiple of 978?
True
Is 124142266 a multiple of 6058?
False
Is 811353213 a multiple of 783?
True
Is 698 a factor of 726011438?
True
Does 1403 divide 125049121?
False
Is 764 a factor of 16826725?
False
Is 151 a factor of 3199377?
False
Is 209917768 a multiple of 17?
True
Does 52 divide 135299870?
False
Does 7 divide 1394114043?
True
Does 38 divide 4154464?
True
Is 101530576 a multiple of 8?
True
Does 12 divide 2387625?
False
Is 103286634 a multiple of 103?
False
